{"id":3517,"date":"2023-01-09T16:08:52","date_gmt":"2023-01-09T15:08:52","guid":{"rendered":"https:\/\/lafac-academy.com\/?post_type=product&#038;p=3517"},"modified":"2023-01-10T16:53:00","modified_gmt":"2023-01-10T15:53:00","slug":"abonnements-cogito-club","status":"publish","type":"product","link":"https:\/\/lafac-academy.com\/index.php\/produit\/abonnements-cogito-club\/","title":{"rendered":"Abonnement au pack Cogito\u2019Club de Lafac Academy"},"content":{"rendered":"<p><b>Deviens membre du cogito&#8217;club et b\u00e9n\u00e9ficie de -50 % sur tous nos produits gr\u00e2ce au pack club.<\/b><\/p>\n","protected":false},"excerpt":{"rendered":"<p>En rejoignant le <strong>Cogito&#8217;Club<\/strong> gr\u00e2ce \u00e0 cet abonnement CLUB vous aurez un acc\u00e8s <strong>anticip\u00e9<\/strong> aux Cogito&#8217;Parties ,<\/p>\n<p>Une premi\u00e8re s\u00e9ance de coaching offerte<\/p>\n<p>Un mentor<\/p>\n<p>Vous b\u00e9n\u00e9ficierez aussi d&#8217;un accompagnement personnalis\u00e9<\/p>\n<p>Et une remise de -50 % sur tous nos autres produits<\/p>\n<p>&nbsp;<\/p>\n<p>&nbsp;<\/p>\n","protected":false},"featured_media":3518,"comment_status":"open","ping_status":"closed","template":"","meta":{"om_disable_all_campaigns":false,"_monsterinsights_skip_tracking":false,"_monsterinsights_sitenote_active":false,"_monsterinsights_sitenote_note":"","_monsterinsights_sitenote_category":0,"_uf_show_specific_survey":0,"_uf_disable_surveys":false},"product_brand":[],"product_cat":[43,42],"product_tag":[],"class_list":{"0":"post-3517","1":"product","2":"type-product","3":"status-publish","4":"has-post-thumbnail","6":"product_cat-abonnement","7":"product_cat-abonnement-premium","9":"first","10":"instock","11":"virtual","12":"purchasable","13":"product-type-simple"},"aioseo_notices":[],"jetpack_sharing_enabled":true,"_links":{"self":[{"href":"https:\/\/lafac-academy.com\/index.php\/wp-json\/wp\/v2\/product\/3517","targetHints":{"allow":["GET"]}}],"collection":[{"href":"https:\/\/lafac-academy.com\/index.php\/wp-json\/wp\/v2\/product"}],"about":[{"href":"https:\/\/lafac-academy.com\/index.php\/wp-json\/wp\/v2\/types\/product"}],"replies":[{"embeddable":true,"href":"https:\/\/lafac-academy.com\/index.php\/wp-json\/wp\/v2\/comments?post=3517"}],"wp:featuredmedia":[{"embeddable":true,"href":"https:\/\/lafac-academy.com\/index.php\/wp-json\/wp\/v2\/media\/3518"}],"wp:attachment":[{"href":"https:\/\/lafac-academy.com\/index.php\/wp-json\/wp\/v2\/media?parent=3517"}],"wp:term":[{"taxonomy":"product_brand","embeddable":true,"href":"https:\/\/lafac-academy.com\/index.php\/wp-json\/wp\/v2\/product_brand?post=3517"},{"taxonomy":"product_cat","embeddable":true,"href":"https:\/\/lafac-academy.com\/index.php\/wp-json\/wp\/v2\/product_cat?post=3517"},{"taxonomy":"product_tag","embeddable":true,"href":"https:\/\/lafac-academy.com\/index.php\/wp-json\/wp\/v2\/product_tag?post=3517"}],"curies":[{"name":"wp","href":"https:\/\/api.w.org\/{rel}","templated":true}]}}